{"id":232,"date":"2026-03-23T10:20:37","date_gmt":"2026-03-23T10:20:37","guid":{"rendered":"http:\/\/lapampastudio.com\/?page_id=232"},"modified":"2026-03-25T14:41:03","modified_gmt":"2026-03-25T14:41:03","slug":"prestations-2","status":"publish","type":"page","link":"https:\/\/lapampastudio.com\/?page_id=232","title":{"rendered":""},"content":{"rendered":"\t\t<div data-elementor-type=\"wp-page\" data-elementor-id=\"232\" class=\"elementor elementor-232\">\n\t\t\t\t<div class=\"elementor-element elementor-element-bbcb229 e-flex e-con-boxed e-con e-parent\" data-id=\"bbcb229\" data-element_type=\"container\" data-e-type=\"container\">\n\t\t\t\t\t<div class=\"e-con-inner\">\n\t\t\t\t<div class=\"elementor-element elementor-element-8003613 elementor-widget elementor-widget-heading\" data-id=\"8003613\" data-element_type=\"widget\" data-e-type=\"widget\" data-widget_type=\"heading.default\">\n\t\t\t\t\t<h2 class=\"elementor-heading-title elementor-size-default\">Enregistrement<\/h2>\t\t\t\t<\/div>\n\t\t\t\t<div class=\"elementor-element elementor-element-1006018 elementor-widget elementor-widget-text-editor\" data-id=\"1006018\" data-element_type=\"widget\" data-e-type=\"widget\" data-widget_type=\"text-editor.default\">\n\t\t\t\t\t\t\t\t\t<p style=\"font-weight: 400; text-align: center;\"><span style=\"color: #000000;\">Parlez-moi de votre projet, je serai ravi de vous accompagner. <\/span><\/p><p style=\"font-weight: 400; text-align: center;\"><span style=\"color: #000000;\">Contactez-nous ici : infolapampaestudio@gmail.com<\/span><\/p>\t\t\t\t\t\t\t\t<\/div>\n\t\t\t\t\t<\/div>\n\t\t\t\t<\/div>\n\t\t<div class=\"elementor-element elementor-element-928f8b2 e-flex e-con-boxed e-con e-parent\" data-id=\"928f8b2\" data-element_type=\"container\" data-e-type=\"container\">\n\t\t\t\t\t<div class=\"e-con-inner\">\n\t\t\t\t<div class=\"elementor-element elementor-element-d7814d0 elementor-widget-divider--view-line elementor-widget elementor-widget-divider\" data-id=\"d7814d0\" data-element_type=\"widget\" data-e-type=\"widget\" data-widget_type=\"divider.default\">\n\t\t\t\t\t\t\t<div class=\"elementor-divider\">\n\t\t\t<span class=\"elementor-divider-separator\">\n\t\t\t\t\t\t<\/span>\n\t\t<\/div>\n\t\t\t\t\t\t<\/div>\n\t\t\t\t<div class=\"elementor-element elementor-element-f3864cb elementor-widget elementor-widget-heading\" data-id=\"f3864cb\" data-element_type=\"widget\" data-e-type=\"widget\" data-widget_type=\"heading.default\">\n\t\t\t\t\t<h2 class=\"elementor-heading-title elementor-size-default\">Mixage<\/h2>\t\t\t\t<\/div>\n\t\t\t\t<div class=\"elementor-element elementor-element-7b1cb35 elementor-widget elementor-widget-text-editor\" data-id=\"7b1cb35\" data-element_type=\"widget\" data-e-type=\"widget\" data-widget_type=\"text-editor.default\">\n\t\t\t\t\t\t\t\t\t<p style=\"text-align: center;\"><span style=\"text-decoration: underline;\"><span style=\"color: #000000;\"><strong>MIXAGE ST\u00c9R\u00c9O<\/strong><\/span><\/span><\/p><p style=\"font-weight: 400; text-align: center;\"><span style=\"color: #000000;\">1 titre : 300 \u20ac TTC<\/span><\/p><p style=\"font-weight: 400; text-align: center;\"><span style=\"color: #000000;\">5 titres : 1400 \u20ac TTC<\/span><\/p><p style=\"font-weight: 400; text-align: center;\"><span style=\"color: #000000;\">10 titres : 2700 \u20ac TTC<\/span><\/p><p style=\"text-align: center;\"><span style=\"text-decoration: underline;\"><span style=\"color: #000000;\"><strong>MIXAGE DOLBY ATMOS<\/strong><\/span><\/span><\/p><p style=\"text-align: center;\"><span style=\"color: #000000;\">1 titre : 500 \u20ac TTC<\/span><\/p><p style=\"text-align: center;\"><span style=\"color: #a8854f;\">(Deux r\u00e9visions de mixage sont incluses. \u00c0 partir de la troisi\u00e8me r\u00e9vision : 20 \u20ac par r\u00e9vision)<\/span><\/p>\t\t\t\t\t\t\t\t<\/div>\n\t\t\t\t<div class=\"elementor-element elementor-element-ed2ad8c elementor-widget-divider--view-line elementor-widget elementor-widget-divider\" data-id=\"ed2ad8c\" data-element_type=\"widget\" data-e-type=\"widget\" data-widget_type=\"divider.default\">\n\t\t\t\t\t\t\t<div class=\"elementor-divider\">\n\t\t\t<span class=\"elementor-divider-separator\">\n\t\t\t\t\t\t<\/span>\n\t\t<\/div>\n\t\t\t\t\t\t<\/div>\n\t\t\t\t<div class=\"elementor-element elementor-element-99b2cd1 elementor-widget elementor-widget-heading\" data-id=\"99b2cd1\" data-element_type=\"widget\" data-e-type=\"widget\" data-widget_type=\"heading.default\">\n\t\t\t\t\t<h2 class=\"elementor-heading-title elementor-size-default\">Mastering<\/h2>\t\t\t\t<\/div>\n\t\t\t\t<div class=\"elementor-element elementor-element-28be737 elementor-widget elementor-widget-text-editor\" data-id=\"28be737\" data-element_type=\"widget\" data-e-type=\"widget\" data-widget_type=\"text-editor.default\">\n\t\t\t\t\t\t\t\t\t<p style=\"font-weight: 400; text-align: center;\"><span style=\"color: #000000;\">Afin de garantir un rendu sonore optimal, nous collaborons avec des studios partenaires reconnus pour leur excellence, notamment Globe Audio dans le sud-ouest de la France, ainsi que Mecca Recording en Espagne.<\/span><\/p><p style=\"font-weight: 400; text-align: center;\"><span style=\"color: #000000;\">1 titre : 150 \u20ac TTC<\/span><\/p><p style=\"font-weight: 400; text-align: center;\"><span style=\"color: #000000;\">5 titres : 600 \u20ac TTC<\/span><\/p><p style=\"font-weight: 400; text-align: center;\"><span style=\"color: #000000;\">10 titres : 1000 \u20ac TTC<\/span><\/p><p style=\"text-align: center;\"><span style=\"color: #000000;\">(MASTER DDPI \/ 120\u20ac TTC)<\/span><\/p><p style=\"font-weight: 400; text-align: center;\"><span style=\"color: #000000;\">Parlez-nous de votre projet afin que nous puissions \u00e9changer et trouver ensemble la meilleure approche pour sublimer votre son.<\/span><\/p>\t\t\t\t\t\t\t\t<\/div>\n\t\t\t\t\t<\/div>\n\t\t\t\t<\/div>\n\t\t\t\t<\/div>\n\t\t","protected":false},"excerpt":{"rendered":"<p>Enregistrement Parlez-moi de votre projet, je serai ravi de vous accompagner. Contactez-nous ici : infolapampaestudio@gmail.com Mixage MIXAGE ST\u00c9R\u00c9O 1 titre : 300 \u20ac TTC 5 titres : 1400 \u20ac TTC 10 titres : 2700 \u20ac TTC MIXAGE DOLBY ATMOS 1 titre : 500 \u20ac TTC (Deux r\u00e9visions de mixage sont incluses. \u00c0 partir de la [&hellip;]<\/p>\n","protected":false},"author":1,"featured_media":0,"parent":0,"menu_order":0,"comment_status":"closed","ping_status":"closed","template":"","meta":{"footnotes":""},"class_list":["post-232","page","type-page","status-publish","hentry"],"_links":{"self":[{"href":"https:\/\/lapampastudio.com\/index.php?rest_route=\/wp\/v2\/pages\/232","targetHints":{"allow":["GET"]}}],"collection":[{"href":"https:\/\/lapampastudio.com\/index.php?rest_route=\/wp\/v2\/pages"}],"about":[{"href":"https:\/\/lapampastudio.com\/index.php?rest_route=\/wp\/v2\/types\/page"}],"author":[{"embeddable":true,"href":"https:\/\/lapampastudio.com\/index.php?rest_route=\/wp\/v2\/users\/1"}],"replies":[{"embeddable":true,"href":"https:\/\/lapampastudio.com\/index.php?rest_route=%2Fwp%2Fv2%2Fcomments&post=232"}],"version-history":[{"count":49,"href":"https:\/\/lapampastudio.com\/index.php?rest_route=\/wp\/v2\/pages\/232\/revisions"}],"predecessor-version":[{"id":343,"href":"https:\/\/lapampastudio.com\/index.php?rest_route=\/wp\/v2\/pages\/232\/revisions\/343"}],"wp:attachment":[{"href":"https:\/\/lapampastudio.com\/index.php?rest_route=%2Fwp%2Fv2%2Fmedia&parent=232"}],"curies":[{"name":"wp","href":"https:\/\/api.w.org\/{rel}","templated":true}]}}